{"id":89,"date":"2023-01-15T23:34:48","date_gmt":"2023-01-15T22:34:48","guid":{"rendered":"http:\/\/vhkhtwj.cluster030.hosting.ovh.net\/?page_id=89"},"modified":"2026-01-08T07:57:37","modified_gmt":"2026-01-08T06:57:37","slug":"ski-a-combloux","status":"publish","type":"page","link":"https:\/\/www.amisdesjeuneschretiens.ovh\/index.php\/ski-a-combloux\/","title":{"rendered":"Ski \u00e0 Combloux"},"content":{"rendered":"<div class=\"wp-block-image\">\n<figure class=\"aligncenter size-full\"><img fetchpriority=\"high\" decoding=\"async\" width=\"583\" height=\"247\" src=\"http:\/\/vhkhtwj.cluster030.hosting.ovh.net\/wp-content\/uploads\/2023\/02\/banniereCombloux.png\" alt=\"\" class=\"wp-image-142\" srcset=\"https:\/\/www.amisdesjeuneschretiens.ovh\/wp-content\/uploads\/2023\/02\/banniereCombloux.png 583w, https:\/\/www.amisdesjeuneschretiens.ovh\/wp-content\/uploads\/2023\/02\/banniereCombloux-300x127.png 300w\" sizes=\"(max-width: 583px) 100vw, 583px\" \/><\/figure>\n<\/div>\n\n\n<hr class=\"wp-block-separator has-alpha-channel-opacity\"\/>\n\n\n\n<h2 class=\"wp-block-heading alignfull has-text-align-center has-text-color\" style=\"color:#7b4f3f\">Inscriptions aux s\u00e9jours de f\u00e9vrier 2026<\/h2>\n\n\n\n<p class=\"has-text-align-center\">21 au 28 f\u00e9vrier (1\u00e8re semaine des vacances de la zone C)<\/p>\n\n\n\n<p class=\"has-text-align-center\"><span style=\"text-decoration: underline;\">ATTENTION ! FICHE INSCRIPTION OBLIGATOIRE<br><\/span><\/p>\n\n\n\n<p class=\"has-text-align-center\">\u00c0 imprimer et \u00e0 retourner par courrier au plus vite au 23, rue de Varize, 75016 Paris<\/p>\n\n\n\n<p class=\"has-text-align-center\">avec la photo d\u2019identit\u00e9.  <\/p>\n\n\n\n<p class=\"has-text-align-center\"><br><br>DIRECTION DU S\u00c9JOUR : Abb\u00e9 Gabriel Grimaud<\/p>\n\n\n\n<p class=\"has-text-align-center\"><strong>CHAQUE PARENT SERA CONTACTE POUR<br>L\u2019ORGANISATION CONCRETE DU SEJOUR<\/strong><\/p>\n\n\n\n<div class=\"wp-block-columns alignfull are-vertically-aligned-center has-background is-layout-flex wp-container-core-columns-is-layout-9d6595d7 wp-block-columns-is-layout-flex\" style=\"background-color:#7a4e3e00\">\n<div class=\"wp-block-column has-background has-normal-font-size is-layout-flow wp-block-column-is-layout-flow\" style=\"background-color:#ddb892\">\n<h3 class=\"wp-block-heading has-text-align-center\">Frais du s\u00e9jour<\/h3>\n\n\n\n<hr class=\"wp-block-separator has-alpha-channel-opacity\"\/>\n\n\n\n<p class=\"has-text-align-center has-text-color has-large-font-size\" style=\"color:#7d380c;font-style:normal;font-weight:900\">Le tarif du s\u00e9jour est de 500\u20ac<\/p>\n\n\n\n<p class=\"has-text-align-left has-black-color has-text-color\">Cela comprend :<\/p>\n\n\n\n<ul class=\"wp-block-list has-black-color has-text-color\">\n<li>Pension compl\u00e8te<\/li>\n\n\n\n<li>Assurance<\/li>\n\n\n\n<li>Forfaits<\/li>\n\n\n\n<li>Location du mat\u00e9riel de ski<\/li>\n\n\n\n<li>Frais divers<\/li>\n<\/ul>\n\n\n\n<p class=\"has-text-align-center has-black-color has-text-color\">L&rsquo;inscription comporte un versement d&rsquo;arrhes de 200\u20ac non remboursable en cas de d\u00e9sistement derni\u00e8re heure. Solde au plus tard le 26 janvier.<\/p>\n<\/div>\n\n\n\n<div class=\"wp-block-column has-background is-layout-flow wp-block-column-is-layout-flow\" style=\"background-color:#b08968\">\n<h3 class=\"wp-block-heading has-text-align-center\">Transport<\/h3>\n\n\n\n<hr class=\"wp-block-separator has-alpha-channel-opacity\"\/>\n\n\n\n<p class=\"has-text-align-center has-text-color has-large-font-size\" style=\"color:#7d380c;font-style:normal;font-weight:900\">Aucun transport commun n&rsquo;est organis\u00e9.<\/p>\n\n\n\n<p class=\"has-text-align-center has-black-color has-text-color has-normal-font-size\"> L&rsquo;arriv\u00e9e des enfants se fait donc directement sur place. Il est possible d&rsquo;arriver en train \u00e0 la gare de Sallanches, un transport Sallanches-Combloux sera alors pr\u00e9vu.<\/p>\n\n\n\n<div style=\"height:100px\" aria-hidden=\"true\" class=\"wp-block-spacer\"><\/div>\n\n\n\n<iframe src=\"https:\/\/www.google.com\/maps\/embed?pb=!1m18!1m12!1m3!1d15492.25691931625!2d6.631322246304019!3d45.93460205450465!2m3!1f0!2f0!3f0!3m2!1i1024!2i768!4f13.1!3m3!1m2!1s0x478bfddea6c208a1%3A0x7af5dcb40e6c665!2sSallanches%20-%20Combloux%20-%20Meg%C3%A8ve!5e0!3m2!1sfr!2sfr!4v1675267510286!5m2!1sfr!2sfr\" width=\"600\" height=\"450\" style=\"border:0;\" allowfullscreen=\"\" loading=\"lazy\" referrerpolicy=\"no-referrer-when-downgrade\"><\/iframe>\n<\/div>\n\n\n\n<div class=\"wp-block-column has-background is-layout-flow wp-block-column-is-layout-flow\" style=\"background-color:#ddb892\">\n<h3 class=\"wp-block-heading has-text-align-center\">Location<\/h3>\n\n\n\n<hr class=\"wp-block-separator has-alpha-channel-opacity\"\/>\n\n\n\n<p class=\"has-text-align-center has-text-color has-large-font-size\" style=\"color:#7d380c;font-style:normal;font-weight:900\">Inclus dans le forfait<\/p>\n\n\n\n<p class=\"has-text-align-center has-black-color has-text-color has-normal-font-size\">La location des skis se fait directement sur place. Si vous poss\u00e9dez votre propre mat\u00e9riel, veuillez l&rsquo;indiquer sur la fiche d&rsquo;inscription, cela ne pourra cependant pas faire l&rsquo;objet d&rsquo;une remise sur le forfait de 500\u20ac.<\/p>\n<\/div>\n<\/div>\n\n\n\n<div class=\"wp-block-group alignfull has-background\" style=\"background-color:#e6ccb2\"><div class=\"wp-block-group__inner-container is-layout-constrained wp-block-group-is-layout-constrained\">\n<div class=\"wp-block-columns is-layout-flex wp-container-core-columns-is-layout-9d6595d7 wp-block-columns-is-layout-flex\">\n<div class=\"wp-block-column has-background is-layout-flow wp-block-column-is-layout-flow\" style=\"background-color:#e6ccb2;flex-basis:100%\">\n<div style=\"height:25px\" aria-hidden=\"true\" class=\"wp-block-spacer\"><\/div>\n\n\n\n<h2 class=\"wp-block-heading has-text-align-center\">Documents \u00e0 fournir<\/h2>\n\n\n\n<hr class=\"wp-block-separator alignfull has-alpha-channel-opacity\"\/>\n\n\n\n<ul class=\"wp-block-list has-black-color has-text-color\">\n<li>Fiche d&rsquo;inscription avec photo d&rsquo;identit\u00e9 r\u00e9cente<\/li>\n\n\n\n<li>Carte d&rsquo;identit\u00e9 \/ Carte neige \/ \u00e9quivalent<\/li>\n\n\n\n<li>Carnet de sant\u00e9 et fiche sanitaire<\/li>\n<\/ul>\n\n\n\n<div class=\"wp-block-buttons is-content-justification-center is-layout-flex wp-container-core-buttons-is-layout-16018d1d wp-block-buttons-is-layout-flex\">\n<div class=\"wp-block-button\"><a class=\"wp-block-button__link wp-element-button\" href=\"https:\/\/www.amisdesjeuneschretiens.ovh\/wp-content\/uploads\/2026\/01\/Combloux-Fev-2026.pdf\" target=\"_blank\" rel=\"noreferrer noopener\">Description du s\u00e9jour<\/a><\/div>\n\n\n\n<div class=\"wp-block-button\"><a class=\"wp-block-button__link has-white-color has-text-color wp-element-button\" href=\"https:\/\/cerfa.vos-demarches.com\/particuliers\/cerfa-10008-02.pdf\" target=\"_blank\" rel=\"noopener\">Fiche Sanitaire de liaison<\/a><\/div>\n\n\n\n<div class=\"wp-block-button is-style-fill\"><a class=\"wp-block-button__link has-white-color has-text-color wp-element-button\" href=\"https:\/\/www.amisdesjeuneschretiens.ovh\/wp-content\/uploads\/2024\/01\/Fiche-dinscription-sejour-ski-Fev2024.pdf\" target=\"_blank\" rel=\"noopener\">Fiche d&rsquo;inscription<\/a><\/div>\n<\/div>\n\n\n\n<div style=\"height:25px\" aria-hidden=\"true\" class=\"wp-block-spacer\"><\/div>\n<\/div>\n<\/div>\n<\/div><\/div>\n\n\n\n<hr class=\"wp-block-separator alignfull has-alpha-channel-opacity\"\/>\n\n\n\n<h2 class=\"wp-block-heading alignfull has-text-align-center has-text-color\" style=\"color:#7b4f3f\">Souvenirs de No\u00ebl 2022<\/h2>\n\n\n\n<figure class=\"wp-block-gallery alignwide has-nested-images columns-2 is-cropped has-subtle-background-background-color has-background wp-block-gallery-1 is-layout-flex wp-block-gallery-is-layout-flex\">\n<figure class=\"wp-block-image size-large\"><img decoding=\"async\" width=\"1024\" height=\"768\" data-id=\"135\" src=\"http:\/\/vhkhtwj.cluster030.hosting.ovh.net\/wp-content\/uploads\/2023\/02\/77e430f1-e59a-40ec-a942-669a342efbfd-2-1024x768.jpeg\" alt=\"\" class=\"wp-image-135\" srcset=\"https:\/\/www.amisdesjeuneschretiens.ovh\/wp-content\/uploads\/2023\/02\/77e430f1-e59a-40ec-a942-669a342efbfd-2-1024x768.jpeg 1024w, https:\/\/www.amisdesjeuneschretiens.ovh\/wp-content\/uploads\/2023\/02\/77e430f1-e59a-40ec-a942-669a342efbfd-2-300x225.jpeg 300w, https:\/\/www.amisdesjeuneschretiens.ovh\/wp-content\/uploads\/2023\/02\/77e430f1-e59a-40ec-a942-669a342efbfd-2-768x576.jpeg 768w, https:\/\/www.amisdesjeuneschretiens.ovh\/wp-content\/uploads\/2023\/02\/77e430f1-e59a-40ec-a942-669a342efbfd-2-1536x1152.jpeg 1536w, https:\/\/www.amisdesjeuneschretiens.ovh\/wp-content\/uploads\/2023\/02\/77e430f1-e59a-40ec-a942-669a342efbfd-2-1200x900.jpeg 1200w, https:\/\/www.amisdesjeuneschretiens.ovh\/wp-content\/uploads\/2023\/02\/77e430f1-e59a-40ec-a942-669a342efbfd-2-1980x1485.jpeg 1980w, https:\/\/www.amisdesjeuneschretiens.ovh\/wp-content\/uploads\/2023\/02\/77e430f1-e59a-40ec-a942-669a342efbfd-2.jpeg 2048w\" sizes=\"(max-width: 1024px) 100vw, 1024px\" \/><figcaption class=\"wp-element-caption\">Salle \u00e0 manger du chalet<\/figcaption><\/figure>\n\n\n\n<figure class=\"wp-block-image size-large\"><img decoding=\"async\" width=\"1024\" height=\"768\" data-id=\"133\" src=\"http:\/\/vhkhtwj.cluster030.hosting.ovh.net\/wp-content\/uploads\/2023\/02\/11819636-04d4-417e-ab5f-da46afeaca30-3-1024x768.jpeg\" alt=\"\" class=\"wp-image-133\" srcset=\"https:\/\/www.amisdesjeuneschretiens.ovh\/wp-content\/uploads\/2023\/02\/11819636-04d4-417e-ab5f-da46afeaca30-3-1024x768.jpeg 1024w, https:\/\/www.amisdesjeuneschretiens.ovh\/wp-content\/uploads\/2023\/02\/11819636-04d4-417e-ab5f-da46afeaca30-3-300x225.jpeg 300w, https:\/\/www.amisdesjeuneschretiens.ovh\/wp-content\/uploads\/2023\/02\/11819636-04d4-417e-ab5f-da46afeaca30-3-768x576.jpeg 768w, https:\/\/www.amisdesjeuneschretiens.ovh\/wp-content\/uploads\/2023\/02\/11819636-04d4-417e-ab5f-da46afeaca30-3-1536x1152.jpeg 1536w, https:\/\/www.amisdesjeuneschretiens.ovh\/wp-content\/uploads\/2023\/02\/11819636-04d4-417e-ab5f-da46afeaca30-3-1200x900.jpeg 1200w, https:\/\/www.amisdesjeuneschretiens.ovh\/wp-content\/uploads\/2023\/02\/11819636-04d4-417e-ab5f-da46afeaca30-3-1980x1485.jpeg 1980w, https:\/\/www.amisdesjeuneschretiens.ovh\/wp-content\/uploads\/2023\/02\/11819636-04d4-417e-ab5f-da46afeaca30-3.jpeg 2048w\" sizes=\"(max-width: 1024px) 100vw, 1024px\" \/><figcaption class=\"wp-element-caption\">Une petite pause en haut des Contamines<\/figcaption><\/figure>\n\n\n\n<figure class=\"wp-block-image size-large\"><img loading=\"lazy\" decoding=\"async\" width=\"1024\" height=\"768\" data-id=\"137\" src=\"http:\/\/vhkhtwj.cluster030.hosting.ovh.net\/wp-content\/uploads\/2023\/02\/b3caf856-f1ab-43af-a70c-a92a5e6e66a9-2-1024x768.jpeg\" alt=\"\" class=\"wp-image-137\" srcset=\"https:\/\/www.amisdesjeuneschretiens.ovh\/wp-content\/uploads\/2023\/02\/b3caf856-f1ab-43af-a70c-a92a5e6e66a9-2-1024x768.jpeg 1024w, https:\/\/www.amisdesjeuneschretiens.ovh\/wp-content\/uploads\/2023\/02\/b3caf856-f1ab-43af-a70c-a92a5e6e66a9-2-300x225.jpeg 300w, https:\/\/www.amisdesjeuneschretiens.ovh\/wp-content\/uploads\/2023\/02\/b3caf856-f1ab-43af-a70c-a92a5e6e66a9-2-768x576.jpeg 768w, https:\/\/www.amisdesjeuneschretiens.ovh\/wp-content\/uploads\/2023\/02\/b3caf856-f1ab-43af-a70c-a92a5e6e66a9-2-1536x1152.jpeg 1536w, https:\/\/www.amisdesjeuneschretiens.ovh\/wp-content\/uploads\/2023\/02\/b3caf856-f1ab-43af-a70c-a92a5e6e66a9-2-1200x900.jpeg 1200w, https:\/\/www.amisdesjeuneschretiens.ovh\/wp-content\/uploads\/2023\/02\/b3caf856-f1ab-43af-a70c-a92a5e6e66a9-2-1980x1485.jpeg 1980w, https:\/\/www.amisdesjeuneschretiens.ovh\/wp-content\/uploads\/2023\/02\/b3caf856-f1ab-43af-a70c-a92a5e6e66a9-2.jpeg 2048w\" sizes=\"(max-width: 1024px) 100vw, 1024px\" \/><figcaption class=\"wp-element-caption\">Puis des sourire !<\/figcaption><\/figure>\n\n\n\n<figure class=\"wp-block-image size-large\"><img loading=\"lazy\" decoding=\"async\" width=\"1024\" height=\"768\" data-id=\"134\" src=\"http:\/\/vhkhtwj.cluster030.hosting.ovh.net\/wp-content\/uploads\/2023\/02\/e2c9ecfc-9b9f-4984-84ec-cd413c181d09-3-1024x768.jpeg\" alt=\"\" class=\"wp-image-134\" srcset=\"https:\/\/www.amisdesjeuneschretiens.ovh\/wp-content\/uploads\/2023\/02\/e2c9ecfc-9b9f-4984-84ec-cd413c181d09-3-1024x768.jpeg 1024w, https:\/\/www.amisdesjeuneschretiens.ovh\/wp-content\/uploads\/2023\/02\/e2c9ecfc-9b9f-4984-84ec-cd413c181d09-3-300x225.jpeg 300w, https:\/\/www.amisdesjeuneschretiens.ovh\/wp-content\/uploads\/2023\/02\/e2c9ecfc-9b9f-4984-84ec-cd413c181d09-3-768x576.jpeg 768w, https:\/\/www.amisdesjeuneschretiens.ovh\/wp-content\/uploads\/2023\/02\/e2c9ecfc-9b9f-4984-84ec-cd413c181d09-3-1536x1152.jpeg 1536w, https:\/\/www.amisdesjeuneschretiens.ovh\/wp-content\/uploads\/2023\/02\/e2c9ecfc-9b9f-4984-84ec-cd413c181d09-3-1200x900.jpeg 1200w, https:\/\/www.amisdesjeuneschretiens.ovh\/wp-content\/uploads\/2023\/02\/e2c9ecfc-9b9f-4984-84ec-cd413c181d09-3-1980x1485.jpeg 1980w, https:\/\/www.amisdesjeuneschretiens.ovh\/wp-content\/uploads\/2023\/02\/e2c9ecfc-9b9f-4984-84ec-cd413c181d09-3.jpeg 2048w\" sizes=\"(max-width: 1024px) 100vw, 1024px\" \/><figcaption class=\"wp-element-caption\">Avant une nouvelle pose<\/figcaption><\/figure>\n\n\n\n<figure class=\"wp-block-image size-large\"><img loading=\"lazy\" decoding=\"async\" width=\"1024\" height=\"576\" data-id=\"136\" src=\"http:\/\/vhkhtwj.cluster030.hosting.ovh.net\/wp-content\/uploads\/2023\/02\/965208ce-6e1c-4e04-887e-da5001521611-3-1024x576.jpeg\" alt=\"\" class=\"wp-image-136\" srcset=\"https:\/\/www.amisdesjeuneschretiens.ovh\/wp-content\/uploads\/2023\/02\/965208ce-6e1c-4e04-887e-da5001521611-3-1024x576.jpeg 1024w, https:\/\/www.amisdesjeuneschretiens.ovh\/wp-content\/uploads\/2023\/02\/965208ce-6e1c-4e04-887e-da5001521611-3-300x169.jpeg 300w, https:\/\/www.amisdesjeuneschretiens.ovh\/wp-content\/uploads\/2023\/02\/965208ce-6e1c-4e04-887e-da5001521611-3-768x432.jpeg 768w, https:\/\/www.amisdesjeuneschretiens.ovh\/wp-content\/uploads\/2023\/02\/965208ce-6e1c-4e04-887e-da5001521611-3-1536x864.jpeg 1536w, https:\/\/www.amisdesjeuneschretiens.ovh\/wp-content\/uploads\/2023\/02\/965208ce-6e1c-4e04-887e-da5001521611-3-1200x675.jpeg 1200w, https:\/\/www.amisdesjeuneschretiens.ovh\/wp-content\/uploads\/2023\/02\/965208ce-6e1c-4e04-887e-da5001521611-3-1980x1114.jpeg 1980w, https:\/\/www.amisdesjeuneschretiens.ovh\/wp-content\/uploads\/2023\/02\/965208ce-6e1c-4e04-887e-da5001521611-3.jpeg 2048w\" sizes=\"(max-width: 1024px) 100vw, 1024px\" \/><figcaption class=\"wp-element-caption\">Vue depuis le chalet<\/figcaption><\/figure>\n<figcaption class=\"blocks-gallery-caption wp-element-caption\">No\u00ebl \u00e0 Combloux 2022. Cr\u00e9dit : ADJC<\/figcaption><\/figure>\n\n\n\n<figure class=\"wp-block-embed is-type-video is-provider-youtube wp-block-embed-youtube wp-embed-aspect-16-9 wp-has-aspect-ratio\"><div class=\"wp-block-embed__wrapper\">\n<div class=\"jetpack-video-wrapper\"><iframe title=\"Camp Ski ADJC 2023\" width=\"1140\" height=\"641\" src=\"https:\/\/www.youtube.com\/embed\/MUiGF-6GEvU?feature=oembed\" frameborder=\"0\" allow=\"accelerometer; autoplay; clipboard-write; encrypted-media; gyroscope; picture-in-picture; web-share\" referrerpolicy=\"strict-origin-when-cross-origin\" allowfullscreen><\/iframe><\/div>\n<\/div><figcaption class=\"wp-element-caption\">Souvenir du camps de ski, f\u00e9vrier 2023<\/figcaption><\/figure>\n","protected":false},"excerpt":{"rendered":"<p>Inscriptions aux s\u00e9jours de f\u00e9vrier 2026 21 au 28 f\u00e9vrier (1\u00e8re semaine des vacances de la zone C) ATTENTION ! FICHE INSCRIPTION OBLIGATOIRE \u00c0 imprimer et \u00e0 retourner par courrier au plus vite au 23, rue de Varize, 75016 Paris avec la photo d\u2019identit\u00e9. DIRECTION DU S\u00c9JOUR : Abb\u00e9 Gabriel Grimaud CHAQUE PARENT SERA CONTACTE<\/p>\n<div><a class=\"btn-filled btn\" href=\"https:\/\/www.amisdesjeuneschretiens.ovh\/index.php\/ski-a-combloux\/\" title=\"Ski \u00e0 Combloux\">Lire la suite<\/a><\/div>\n","protected":false},"author":1,"featured_media":0,"parent":0,"menu_order":0,"comment_status":"closed","ping_status":"closed","template":"","meta":{"footnotes":""},"folder":[158],"class_list":["post-89","page","type-page","status-publish","hentry"],"jetpack_sharing_enabled":true,"_links":{"self":[{"href":"https:\/\/www.amisdesjeuneschretiens.ovh\/index.php\/wp-json\/wp\/v2\/pages\/89","targetHints":{"allow":["GET"]}}],"collection":[{"href":"https:\/\/www.amisdesjeuneschretiens.ovh\/index.php\/wp-json\/wp\/v2\/pages"}],"about":[{"href":"https:\/\/www.amisdesjeuneschretiens.ovh\/index.php\/wp-json\/wp\/v2\/types\/page"}],"author":[{"embeddable":true,"href":"https:\/\/www.amisdesjeuneschretiens.ovh\/index.php\/wp-json\/wp\/v2\/users\/1"}],"replies":[{"embeddable":true,"href":"https:\/\/www.amisdesjeuneschretiens.ovh\/index.php\/wp-json\/wp\/v2\/comments?post=89"}],"version-history":[{"count":30,"href":"https:\/\/www.amisdesjeuneschretiens.ovh\/index.php\/wp-json\/wp\/v2\/pages\/89\/revisions"}],"predecessor-version":[{"id":8570,"href":"https:\/\/www.amisdesjeuneschretiens.ovh\/index.php\/wp-json\/wp\/v2\/pages\/89\/revisions\/8570"}],"wp:attachment":[{"href":"https:\/\/www.amisdesjeuneschretiens.ovh\/index.php\/wp-json\/wp\/v2\/media?parent=89"}],"wp:term":[{"taxonomy":"folder","embeddable":true,"href":"https:\/\/www.amisdesjeuneschretiens.ovh\/index.php\/wp-json\/wp\/v2\/folder?post=89"}],"curies":[{"name":"wp","href":"https:\/\/api.w.org\/{rel}","templated":true}]}}